+ 117. What is the remainder when t is divided by c?
9
Let c(s) = s**2 - 8*s + 7. Let y be c(9). Suppose -3*x + 6 = u - x, -x + 3 = 0. Let g = y - u. Calculate the remainder when g is divided by 9.
7
Let m(z) = 4*z**2 + 9*z - 40. What is the remainder when m(-7) is divided by ((-16)/(-5))/((-2)/(-10))?
13
What is the remainder when ((-110)/8)/(-11)*28 is divided by 7?
0
Suppose 12*m = -v + 11*m + 215, 4*m = -v + 215. Calculate the remainder when v is divided by 44.
39
What is the remainder when (545105/(-44))/(-11) - 3/12 is divided by 7?
6
Let q = 19 + 96. Suppose -34*h + 65 = -29*h. Calculate the remainder when q is divided by h.
11
Let g = -438 - -819. What is the remainder when g is divided by 32?
29
Let p = -6 + 11. Suppose 3*n = -p*x + 25, 3*n = 2*n - x + 7. Suppose 17*u - 18 = 15*u. What is the remainder when u is divided by n?
4
Suppose -r = -5*c + 21, -r - 4*r + 30 = 2*c. Let f(h) = 3*h**3 - 3*h**2 - 4*h + 2. Calculate the remainder when f(3) is divided by c.
4
Let a = 276 + -264. What is the remainder when a is divided by 4?
0
Suppose -127 + 751 = 3*r. What is the remainder when r is divided by 42?
40
Let t = 439 + -382. What is the remainder when 283 is divided by t?
55
Let u(x) = 3*x + 78. Calculate the remainder when 131 is divided by u(-13).
14
Suppose 5*q + 83 - 796 = -3*m, q = 5*m - 1179. What is the remainder when m is divided by 15?
11
Let j(p) = -2*p + 70. Calculate the remainder when 276 is divided by j(5).
36
Suppose 2*w - 6 = -0*w. Suppose -4*p = w*t - 6, -2*p + 3*p + 4*t = -5. What is the remainder when 6 is divided by p?
0
Suppose -1422*b + 104 = -1414*b. Suppose 2*f = -3*f + 245. Calculate the remainder when f is divided by b.
10
Suppose -3*r + 6 = 0, 5*r - 134 = -4*i + 72. Let q(o) = 26*o**2 - o - 1. Let k(p) = -p + 4. Let h be k(5). Calculate the remainder when i is divided by q(h).
23
Calculate the remainder when 40/(-760) + (-3592)/(-19) is divided by 58.
15
Suppose 3201 = 33*n + 759. Let o = 91 - 53. Calculate the remainder when n is divided by o.
36
Let y(n) be the first derivative of -9 - n**2 - 11 + 3*n + 11*n + 21. What is the remainder when 25 is divided by y(0)?
11
Let j(u) = 26*u**2 + 39*u + 110. What is the remainder when j(-3) is divided by 85?
57
Let d(w) = w + 9. Let v be d(-4). Suppose 0 = 4*n + x - 22, -5*n - v = -x - 37. Calculate the remainder when 15 is divided by n.
3
Suppose -6*y + 3*y + 96 = 5*o, 51 = 2*o - 3*y. Let v = -2 + o. Let s(u) = -38*u - 3. Calculate the remainder when s(-2) is divided by v.
16
Let w = 845 + -800. Calculate the remainder when w is divided by 12.
9
Let n(j) = 19*j**2 + 7*j + 10. What is the remainder when 282 is divided by n(-2)?
66
Let c(s) = s**2 + 36*s - 122. What is the remainder when c(7) is divided by 12?
11
Suppose 0 = 2*a - 27 + 13. Suppose 0 = -a*z + 9*z - 108. Calculate the remainder when z is divided by 14.
12
Suppose 0 = -o - 3 + 39. Let a = o - 30. Calculate the remainder when a is divided by 1.
0
Let a(t) = t**2 - 18*t + 24. Calculate the remainder when a(19) is divided by 15.
13
Let o = -7 + -8. Let g = o + 22. Calculate the remainder when 46 is divided by g.
4
Suppose -3*n = 4*i - 64, -n = -i + 5*i - 16. Let q = 30 - n. Calculate the remainder when (-4)/(-18) - 205/(-9) is divided by q.
5
Let s = 25 + -39. Let y = 135 + -121. What is the remainder when 61 is divided by 4/s + 298/y?
19
Let j be 102/(-9) - 2/3. Calculate the remainder when 23 is divided by (2 - 14)*6/j.
5
Let h = -2723 + 2813. What is the remainder when h is divided by 14 + (-2)/1 - -1?
12
Suppose -2*t - 3*l + 5*l = -48, -2*t = -4*l - 42. Suppose 2*n = -n - t. Let f(i) = i + 12. Calculate the remainder when 8 is divided by f(n).
2
Suppose -4*g = 4, -5*o + 2*g + 2 = -0. Suppose o = -c - c + 24. Let t = c + 23. Calculate the remainder when t is divided by 12.
11
Let l(d) = d**2 + 2*d - 20. Let i be l(-6). Suppose -2*p - 24 = 2*v - i*v, 10 = v - 3*p. Let j(r) = 2*r - 2. Calculate the remainder when v is divided by j(3).
1
Let b = 3 + -9. Let v = -2 - b. Suppose v*y - 8 = -0*y. Calculate the remainder when 4 is divided by y.
0
Let b = 9 - 0. What is the remainder when b is divided by 0 + (-159)/(-21) + 12/(-21)?
2
Suppose -5*h + 6*h = 0. Suppose h = -3*c + 5*y + 140, 2*y + 127 = 4*c - 69. Suppose -c = -7*p + 5*p. What is the remainder when p is divided by 13?
12
Suppose 36*b = 2*f + 37*b - 79, 0 = f + 2*b - 47. What is the remainder when 443 is divided by f?
36
What is the remainder when 95 is divided by 60/(-2)*9/(-18)?
5
Let a(f) = -f**2 + 15*f + 4. What is the remainder when a(10) is divided by (0 + (-5)/(-5))*14?
12
Let u(i) = -10*i - 295. What is the remainder when 460 is divided by u(-32)?
10
Suppose 8*g - 3*g - 95 = 0. Suppose 2*b - 18 = -2*q, 18 + 5 = 3*q + 2*b. Let z(m) = -m + 15. Calculate the remainder when g is divided by z(q).
9
Suppose u = -2 + 6. Suppose 44 = 2*b - u. Let y = -11 + b. What is the remainder when y is divided by 7?
6
Let x = 997 + -978. Calculate the remainder when 218 is divided by x.
9
Let d = -18 - -22. Let r be 1/((-10)/d + 2). Calculate the remainder when 11 - 7 - 1*r is divided by 3.
0
Suppose 2*l - 89 = -4*u + 195, -12 = -3*l. Let f(s) = s**2 + s + 4. What is the remainder when u is divided by f(-5)?
21
Calculate the remainder when (-138)/(-345) - (-376)/10 is divided by 24.
14
Suppose -3*d = -3*z + 33, -3*z + d - 37 = -5*z. Let i = z - 5. Calculate the remainder when i is divided by 6.
5
Let n(w) = 2*w**2 - w - 22. Let t be ((-21)/9 - 0)/(2/6). What is the remainder when n(t) is divided by 17?
15
Let g(j) = -j**3 + 3*j**2 - 2*j. Let x be g(2). Suppose x + 12 = 3*f. Suppose 0 = f*a - 32 + 8. What is the remainder when 16 is divided by a?
4
Let g = -26 + 76. Suppose -m = 5*o + 125, 9*m = 4*m + 25. Let w = -13 - o. What is the remainder when g is divided by w?
11
Suppose -10*z = -42 - 238. What is the remainder when z is divided by 10?
8
Let l(r) = -r**2 - 8*r + 6. Let k be (-3)/(14/(-4) + 4). Calculate the remainder when l(k) is divided by 10.
8
Suppose 5*c - 2*o - 22 = 0, -5*o = 3*c - 8*o - 6. Let r(n) = 5*n - 18. What is the remainder when 20 is divided by r(c)?
8
Let z = 1146 - 909. Calculate the remainder when z is divided by 30.
27
Suppose q - 4*f + 241 = 0, 4*q + 2*f + f = -869. Let u be (-4)/34 + 11466/q. Calculate the remainder when 2 is divided by (-1)/(-4) - 39/u.
0
Suppose 244 = 5*s - 261. Suppose 3*x - s = -26. What is the remainder when 248 is divided by x?
23
Suppose -2*w + 3*j + 29 = 4*j, 0 = -4*w + 2*j + 54. Suppose -w = 3*p - 92. Let a = p + -15. Calculate the remainder when 43 is divided by a.
10
Let m = 7 + -11. Let p = -974 - -987. What is the remainder when 37/((-2)/m*2) is divided by p?
11
Let v = -341 + 413. Calculate the remainder when v is divided by 4.
0
Calculate the remainder when 179 is divided by 2/(12/42) + 23.
29
Let k = -71 + 77. Suppose 167 = k*v + 47. Calculate the remainder when 57 is divided by v.
17
Suppose 9*s = 5*s - 3*n + 733, -5*n = 3*s - 558. What is the remainder when s is divided by 51?
28
Let m(h) = 3*h + 6. Let d = 271 + -153. What is the remainder when d is divided by m(6)?
22
Let u(w) = -w**3 + w**2 + 46*w + 3. Calculate the remainder when 193 is divided by u(6).
94
Suppose -3 = -m + 2*q, q + q = -4*m + 32. Suppose 38 = a + 37. Let l(h) = 26*h**2 - 3*h + 2. What is the remainder when l(a) is divided by m?
4
Let s(h) = 92*h**2 + h. Let u(l) = -l - 1. Let j be u(0). Let r be s(j). Suppose 0 = 5*b - r - 14. Calculate the remainder when 40 is divided by b.
19
Let l(u) = u**3 - 7*u**2 - u - 6. Let x be l(7). What is the remainder when 76 is divided by 9/(-6)*(x - -9)?
4
Let l = 616 - 306. What is the remainder when l is divided by 20?
10
Let a(i) = -30*i + 2. Suppose 183 = 24*h - 561. Calculate the remainder when a(-4) is divided by h.
29
Suppose -5*w + 15 = 0, 4*v + 3*w - 13 = 2*v. Let i(o) = 13 - 13*o - v + 11*o**2 + 9 + o**3 - 25*o**2. What is the remainder when i(15) is divided by 17?
16
Suppose -2*o + 3*t + 39 = 2*o, -25 = 5*t. Let d = 6 + -1. Suppose o*c - 11 = d*c. What is the remainder when 19 is divided by c?
8
Suppose 0 = -3*t + 143 - 50. What is the remainder when (-1)/(-2)*(-5)/(40/(-1968)) is divided by t?
30
Suppose 4*n - 9*n + 3*p + 13 = 0, 5*p = -n - 3. Suppose -88 = -2*h + n*y, 3*h - 5*y - 179 